{"id":11870,"date":"2025-02-04T16:54:57","date_gmt":"2025-02-04T16:54:57","guid":{"rendered":"http:\/\/www.hanehaninsaat.com\/?page_id=11870"},"modified":"2025-02-10T08:40:42","modified_gmt":"2025-02-10T08:40:42","slug":"tamamlanan-projeler","status":"publish","type":"page","link":"https:\/\/www.hanehaninsaat.com\/?page_id=11870","title":{"rendered":"Tamamlanan Projeler"},"content":{"rendered":"\t\t<div data-elementor-type=\"wp-page\" data-elementor-id=\"11870\" class=\"elementor elementor-11870\">\n\t\t\t\t<div class=\"elementor-element elementor-element-66ca5eb e-flex e-con-boxed e-con e-parent\" data-id=\"66ca5eb\" data-element_type=\"container\">\n\t\t\t\t\t<div class=\"e-con-inner\">\n\t\t<div class=\"elementor-element elementor-element-febe7b0 e-con-full e-flex e-con e-child\" data-id=\"febe7b0\" data-element_type=\"container\">\n\t\t\t\t<div class=\"elementor-element elementor-element-50320ae elementor-widget elementor-widget-image\" data-id=\"50320ae\" data-element_type=\"widget\" data-widget_type=\"image.default\">\n\t\t\t\t<div class=\"elementor-widget-container\">\n\t\t\t\t\t\t\t\t\t\t\t\t\t\t\t\t<a href=\"http:\/\/www.hanehaninsaat.com\/?page_id=11894\u2197\">\n\t\t\t\t\t\t\t<img fetchpriority=\"high\" decoding=\"async\" width=\"660\" height=\"440\" src=\"https:\/\/www.hanehaninsaat.com\/wp-content\/uploads\/2025\/02\/teksangold-1024x683.jpg\" class=\"attachment-large size-large wp-image-11878\" alt=\"\" srcset=\"https:\/\/www.hanehaninsaat.com\/wp-content\/uploads\/2025\/02\/teksangold-1024x683.jpg 1024w, https:\/\/www.hanehaninsaat.com\/wp-content\/uploads\/2025\/02\/teksangold-300x200.jpg 300w, https:\/\/www.hanehaninsaat.com\/wp-content\/uploads\/2025\/02\/teksangold-768x512.jpg 768w, https:\/\/www.hanehaninsaat.com\/wp-content\/uploads\/2025\/02\/teksangold-600x400.jpg 600w, https:\/\/www.hanehaninsaat.com\/wp-content\/uploads\/2025\/02\/teksangold.jpg 1200w\" sizes=\"(max-width: 660px) 100vw, 660px\" \/>\t\t\t\t\t\t\t\t<\/a>\n\t\t\t\t\t\t\t\t\t\t\t\t\t\t\t<\/div>\n\t\t\t\t<\/div>\n\t\t\t\t<div class=\"elementor-element elementor-element-633ce7b elementor-widget elementor-widget-heading\" data-id=\"633ce7b\" data-element_type=\"widget\" data-widget_type=\"heading.default\">\n\t\t\t\t<div class=\"elementor-widget-container\">\n\t\t\t\t\t<h2 class=\"elementor-heading-title elementor-size-default\"><a href=\"http:\/\/www.hanehaninsaat.com\/?page_id=11894\u2197\">Teksan Gold<\/a><\/h2>\t\t\t\t<\/div>\n\t\t\t\t<\/div>\n\t\t\t\t<\/div>\n\t\t<div class=\"elementor-element elementor-element-069b6f3 e-con-full e-flex e-con e-child\" data-id=\"069b6f3\" data-element_type=\"container\">\n\t\t\t\t<div class=\"elementor-element elementor-element-2e2d7c3 elementor-widget elementor-widget-image\" data-id=\"2e2d7c3\" data-element_type=\"widget\" data-widget_type=\"image.default\">\n\t\t\t\t<div class=\"elementor-widget-container\">\n\t\t\t\t\t\t\t\t\t\t\t\t\t\t\t\t<a href=\"http:\/\/www.hanehaninsaat.com\/?page_id=11904\u2197\">\n\t\t\t\t\t\t\t<img decoding=\"async\" width=\"660\" height=\"440\" src=\"https:\/\/www.hanehaninsaat.com\/wp-content\/uploads\/2025\/02\/hisar-sitesi-1024x683.jpg\" class=\"attachment-large size-large wp-image-11879\" alt=\"\" srcset=\"https:\/\/www.hanehaninsaat.com\/wp-content\/uploads\/2025\/02\/hisar-sitesi-1024x683.jpg 1024w, https:\/\/www.hanehaninsaat.com\/wp-content\/uploads\/2025\/02\/hisar-sitesi-300x200.jpg 300w, https:\/\/www.hanehaninsaat.com\/wp-content\/uploads\/2025\/02\/hisar-sitesi-768x512.jpg 768w, https:\/\/www.hanehaninsaat.com\/wp-content\/uploads\/2025\/02\/hisar-sitesi-600x400.jpg 600w, https:\/\/www.hanehaninsaat.com\/wp-content\/uploads\/2025\/02\/hisar-sitesi.jpg 1200w\" sizes=\"(max-width: 660px) 100vw, 660px\" \/>\t\t\t\t\t\t\t\t<\/a>\n\t\t\t\t\t\t\t\t\t\t\t\t\t\t\t<\/div>\n\t\t\t\t<\/div>\n\t\t\t\t<div class=\"elementor-element elementor-element-47309d8 elementor-widget elementor-widget-heading\" data-id=\"47309d8\" data-element_type=\"widget\" data-widget_type=\"heading.default\">\n\t\t\t\t<div class=\"elementor-widget-container\">\n\t\t\t\t\t<h2 class=\"elementor-heading-title elementor-size-default\"><a href=\"http:\/\/www.hanehaninsaat.com\/?page_id=11904\u2197\">Hisar Sitesi<\/a><\/h2>\t\t\t\t<\/div>\n\t\t\t\t<\/div>\n\t\t\t\t<\/div>\n\t\t<div class=\"elementor-element elementor-element-a614e8b e-con-full e-flex e-con e-child\" data-id=\"a614e8b\" data-element_type=\"container\">\n\t\t\t\t<div class=\"elementor-element elementor-element-3a172db elementor-widget elementor-widget-image\" data-id=\"3a172db\" data-element_type=\"widget\" data-widget_type=\"image.default\">\n\t\t\t\t<div class=\"elementor-widget-container\">\n\t\t\t\t\t\t\t\t\t\t\t\t\t\t\t\t<a href=\"http:\/\/www.hanehaninsaat.com\/?page_id=11921\u2197\">\n\t\t\t\t\t\t\t<img decoding=\"async\" width=\"660\" height=\"440\" src=\"https:\/\/www.hanehaninsaat.com\/wp-content\/uploads\/2025\/02\/teksan2-1024x683.jpg\" class=\"attachment-large size-large wp-image-11883\" alt=\"\" srcset=\"https:\/\/www.hanehaninsaat.com\/wp-content\/uploads\/2025\/02\/teksan2-1024x683.jpg 1024w, https:\/\/www.hanehaninsaat.com\/wp-content\/uploads\/2025\/02\/teksan2-300x200.jpg 300w, https:\/\/www.hanehaninsaat.com\/wp-content\/uploads\/2025\/02\/teksan2-768x512.jpg 768w, https:\/\/www.hanehaninsaat.com\/wp-content\/uploads\/2025\/02\/teksan2-600x400.jpg 600w, https:\/\/www.hanehaninsaat.com\/wp-content\/uploads\/2025\/02\/teksan2.jpg 1200w\" sizes=\"(max-width: 660px) 100vw, 660px\" \/>\t\t\t\t\t\t\t\t<\/a>\n\t\t\t\t\t\t\t\t\t\t\t\t\t\t\t<\/div>\n\t\t\t\t<\/div>\n\t\t\t\t<div class=\"elementor-element elementor-element-1e2ad5c elementor-widget elementor-widget-heading\" data-id=\"1e2ad5c\" data-element_type=\"widget\" data-widget_type=\"heading.default\">\n\t\t\t\t<div class=\"elementor-widget-container\">\n\t\t\t\t\t<h2 class=\"elementor-heading-title elementor-size-default\"><a href=\"http:\/\/www.hanehaninsaat.com\/?page_id=11921\u2197\">Teksan 2<\/a><\/h2>\t\t\t\t<\/div>\n\t\t\t\t<\/div>\n\t\t\t\t<\/div>\n\t\t<div class=\"elementor-element elementor-element-2d7b771 e-con-full e-flex e-con e-child\" data-id=\"2d7b771\" data-element_type=\"container\">\n\t\t\t\t<div class=\"elementor-element elementor-element-093ccdb elementor-widget elementor-widget-image\" data-id=\"093ccdb\" data-element_type=\"widget\" data-widget_type=\"image.default\">\n\t\t\t\t<div class=\"elementor-widget-container\">\n\t\t\t\t\t\t\t\t\t\t\t\t\t\t\t\t<a href=\"http:\/\/www.hanehaninsaat.com\/?page_id=11932\u2197\">\n\t\t\t\t\t\t\t<img loading=\"lazy\" decoding=\"async\" width=\"660\" height=\"440\" src=\"https:\/\/www.hanehaninsaat.com\/wp-content\/uploads\/2025\/02\/petrol-ofisi-1024x683.jpg\" class=\"attachment-large size-large wp-image-11884\" alt=\"\" srcset=\"https:\/\/www.hanehaninsaat.com\/wp-content\/uploads\/2025\/02\/petrol-ofisi-1024x683.jpg 1024w, https:\/\/www.hanehaninsaat.com\/wp-content\/uploads\/2025\/02\/petrol-ofisi-300x200.jpg 300w, https:\/\/www.hanehaninsaat.com\/wp-content\/uploads\/2025\/02\/petrol-ofisi-768x512.jpg 768w, https:\/\/www.hanehaninsaat.com\/wp-content\/uploads\/2025\/02\/petrol-ofisi-600x400.jpg 600w, https:\/\/www.hanehaninsaat.com\/wp-content\/uploads\/2025\/02\/petrol-ofisi.jpg 1200w\" sizes=\"(max-width: 660px) 100vw, 660px\" \/>\t\t\t\t\t\t\t\t<\/a>\n\t\t\t\t\t\t\t\t\t\t\t\t\t\t\t<\/div>\n\t\t\t\t<\/div>\n\t\t\t\t<div class=\"elementor-element elementor-element-63c80b1 elementor-widget elementor-widget-heading\" data-id=\"63c80b1\" data-element_type=\"widget\" data-widget_type=\"heading.default\">\n\t\t\t\t<div class=\"elementor-widget-container\">\n\t\t\t\t\t<h2 class=\"elementor-heading-title elementor-size-default\"><a href=\"http:\/\/www.hanehaninsaat.com\/?page_id=11932\u2197\">Petrol Ofisi<\/a><\/h2>\t\t\t\t<\/div>\n\t\t\t\t<\/div>\n\t\t\t\t<\/div>\n\t\t<div class=\"elementor-element elementor-element-a674125 e-con-full e-flex e-con e-child\" data-id=\"a674125\" data-element_type=\"container\">\n\t\t\t\t<div class=\"elementor-element elementor-element-bbb4304 elementor-widget elementor-widget-image\" data-id=\"bbb4304\" data-element_type=\"widget\" data-widget_type=\"image.default\">\n\t\t\t\t<div class=\"elementor-widget-container\">\n\t\t\t\t\t\t\t\t\t\t\t\t\t\t\t\t<a href=\"http:\/\/www.hanehaninsaat.com\/?page_id=11942\u2197\">\n\t\t\t\t\t\t\t<img loading=\"lazy\" decoding=\"async\" width=\"660\" height=\"440\" src=\"https:\/\/www.hanehaninsaat.com\/wp-content\/uploads\/2025\/02\/javanez-1024x683.jpg\" class=\"attachment-large size-large wp-image-11885\" alt=\"\" srcset=\"https:\/\/www.hanehaninsaat.com\/wp-content\/uploads\/2025\/02\/javanez-1024x683.jpg 1024w, https:\/\/www.hanehaninsaat.com\/wp-content\/uploads\/2025\/02\/javanez-300x200.jpg 300w, https:\/\/www.hanehaninsaat.com\/wp-content\/uploads\/2025\/02\/javanez-768x512.jpg 768w, https:\/\/www.hanehaninsaat.com\/wp-content\/uploads\/2025\/02\/javanez-600x400.jpg 600w, https:\/\/www.hanehaninsaat.com\/wp-content\/uploads\/2025\/02\/javanez.jpg 1200w\" sizes=\"(max-width: 660px) 100vw, 660px\" \/>\t\t\t\t\t\t\t\t<\/a>\n\t\t\t\t\t\t\t\t\t\t\t\t\t\t\t<\/div>\n\t\t\t\t<\/div>\n\t\t\t\t<div class=\"elementor-element elementor-element-64898f6 elementor-widget elementor-widget-heading\" data-id=\"64898f6\" data-element_type=\"widget\" data-widget_type=\"heading.default\">\n\t\t\t\t<div class=\"elementor-widget-container\">\n\t\t\t\t\t<h2 class=\"elementor-heading-title elementor-size-default\"><a href=\"http:\/\/www.hanehaninsaat.com\/?page_id=11942\u2197\">Javanez<\/a><\/h2>\t\t\t\t<\/div>\n\t\t\t\t<\/div>\n\t\t\t\t<\/div>\n\t\t<div class=\"elementor-element elementor-element-79abb1e e-con-full e-flex e-con e-child\" data-id=\"79abb1e\" data-element_type=\"container\">\n\t\t\t\t<div class=\"elementor-element elementor-element-c95fbef elementor-widget elementor-widget-image\" data-id=\"c95fbef\" data-element_type=\"widget\" data-widget_type=\"image.default\">\n\t\t\t\t<div class=\"elementor-widget-container\">\n\t\t\t\t\t\t\t\t\t\t\t\t\t\t\t\t<a href=\"http:\/\/www.hanehaninsaat.com\/?page_id=11952\u2197\">\n\t\t\t\t\t\t\t<img loading=\"lazy\" decoding=\"async\" width=\"660\" height=\"440\" src=\"https:\/\/www.hanehaninsaat.com\/wp-content\/uploads\/2025\/02\/merve-1024x683.jpg\" class=\"attachment-large size-large wp-image-11886\" alt=\"\" srcset=\"https:\/\/www.hanehaninsaat.com\/wp-content\/uploads\/2025\/02\/merve-1024x683.jpg 1024w, https:\/\/www.hanehaninsaat.com\/wp-content\/uploads\/2025\/02\/merve-300x200.jpg 300w, https:\/\/www.hanehaninsaat.com\/wp-content\/uploads\/2025\/02\/merve-768x512.jpg 768w, https:\/\/www.hanehaninsaat.com\/wp-content\/uploads\/2025\/02\/merve-600x400.jpg 600w, https:\/\/www.hanehaninsaat.com\/wp-content\/uploads\/2025\/02\/merve.jpg 1200w\" sizes=\"(max-width: 660px) 100vw, 660px\" \/>\t\t\t\t\t\t\t\t<\/a>\n\t\t\t\t\t\t\t\t\t\t\t\t\t\t\t<\/div>\n\t\t\t\t<\/div>\n\t\t\t\t<div class=\"elementor-element elementor-element-b23d2ed elementor-widget elementor-widget-heading\" data-id=\"b23d2ed\" data-element_type=\"widget\" data-widget_type=\"heading.default\">\n\t\t\t\t<div class=\"elementor-widget-container\">\n\t\t\t\t\t<h2 class=\"elementor-heading-title elementor-size-default\"><a href=\"http:\/\/www.hanehaninsaat.com\/?page_id=11952\u2197\">Merve Akt\u00fcrk Organizasyon<\/a><\/h2>\t\t\t\t<\/div>\n\t\t\t\t<\/div>\n\t\t\t\t<\/div>\n\t\t\t\t\t<\/div>\n\t\t\t\t<\/div>\n\t\t<div class=\"elementor-element elementor-element-3026c0d e-flex e-con-boxed e-con e-parent\" data-id=\"3026c0d\" data-element_type=\"container\">\n\t\t\t\t\t<div class=\"e-con-inner\">\n\t\t<div class=\"elementor-element elementor-element-adde365 e-con-full e-flex e-con e-child\" data-id=\"adde365\" data-element_type=\"container\">\n\t\t\t\t<div class=\"elementor-element elementor-element-57340b8 elementor-widget elementor-widget-image\" data-id=\"57340b8\" data-element_type=\"widget\" data-widget_type=\"image.default\">\n\t\t\t\t<div class=\"elementor-widget-container\">\n\t\t\t\t\t\t\t\t\t\t\t\t\t\t\t\t<a href=\"http:\/\/www.hanehaninsaat.com\/?page_id=11954\u2197\">\n\t\t\t\t\t\t\t<img loading=\"lazy\" decoding=\"async\" width=\"660\" height=\"440\" src=\"https:\/\/www.hanehaninsaat.com\/wp-content\/uploads\/2025\/02\/harun-aydin-1024x683.jpg\" class=\"attachment-large size-large wp-image-11887\" alt=\"\" srcset=\"https:\/\/www.hanehaninsaat.com\/wp-content\/uploads\/2025\/02\/harun-aydin-1024x683.jpg 1024w, https:\/\/www.hanehaninsaat.com\/wp-content\/uploads\/2025\/02\/harun-aydin-300x200.jpg 300w, https:\/\/www.hanehaninsaat.com\/wp-content\/uploads\/2025\/02\/harun-aydin-768x512.jpg 768w, https:\/\/www.hanehaninsaat.com\/wp-content\/uploads\/2025\/02\/harun-aydin-600x400.jpg 600w, https:\/\/www.hanehaninsaat.com\/wp-content\/uploads\/2025\/02\/harun-aydin.jpg 1200w\" sizes=\"(max-width: 660px) 100vw, 660px\" \/>\t\t\t\t\t\t\t\t<\/a>\n\t\t\t\t\t\t\t\t\t\t\t\t\t\t\t<\/div>\n\t\t\t\t<\/div>\n\t\t\t\t<div class=\"elementor-element elementor-element-9e084d2 elementor-widget elementor-widget-heading\" data-id=\"9e084d2\" data-element_type=\"widget\" data-widget_type=\"heading.default\">\n\t\t\t\t<div class=\"elementor-widget-container\">\n\t\t\t\t\t<h2 class=\"elementor-heading-title elementor-size-default\"><a href=\"http:\/\/www.hanehaninsaat.com\/?page_id=11954\u2197\">Harun Ayd\u0131n Villa<\/a><\/h2>\t\t\t\t<\/div>\n\t\t\t\t<\/div>\n\t\t\t\t<\/div>\n\t\t<div class=\"elementor-element elementor-element-a0ae8e7 e-con-full e-flex e-con e-child\" data-id=\"a0ae8e7\" data-element_type=\"container\">\n\t\t\t\t<div class=\"elementor-element elementor-element-0f5f467 elementor-widget elementor-widget-image\" data-id=\"0f5f467\" data-element_type=\"widget\" data-widget_type=\"image.default\">\n\t\t\t\t<div class=\"elementor-widget-container\">\n\t\t\t\t\t\t\t\t\t\t\t\t\t\t\t\t<a href=\"http:\/\/www.hanehaninsaat.com\/?page_id=11979\u2197\">\n\t\t\t\t\t\t\t<img loading=\"lazy\" decoding=\"async\" width=\"660\" height=\"440\" src=\"https:\/\/www.hanehaninsaat.com\/wp-content\/uploads\/2025\/02\/cinar-villa-1024x683.jpg\" class=\"attachment-large size-large wp-image-11889\" alt=\"\" srcset=\"https:\/\/www.hanehaninsaat.com\/wp-content\/uploads\/2025\/02\/cinar-villa-1024x683.jpg 1024w, https:\/\/www.hanehaninsaat.com\/wp-content\/uploads\/2025\/02\/cinar-villa-300x200.jpg 300w, https:\/\/www.hanehaninsaat.com\/wp-content\/uploads\/2025\/02\/cinar-villa-768x512.jpg 768w, https:\/\/www.hanehaninsaat.com\/wp-content\/uploads\/2025\/02\/cinar-villa-600x400.jpg 600w, https:\/\/www.hanehaninsaat.com\/wp-content\/uploads\/2025\/02\/cinar-villa.jpg 1200w\" sizes=\"(max-width: 660px) 100vw, 660px\" \/>\t\t\t\t\t\t\t\t<\/a>\n\t\t\t\t\t\t\t\t\t\t\t\t\t\t\t<\/div>\n\t\t\t\t<\/div>\n\t\t\t\t<div class=\"elementor-element elementor-element-55e00bc elementor-widget elementor-widget-heading\" data-id=\"55e00bc\" data-element_type=\"widget\" data-widget_type=\"heading.default\">\n\t\t\t\t<div class=\"elementor-widget-container\">\n\t\t\t\t\t<h2 class=\"elementor-heading-title elementor-size-default\"><a href=\"http:\/\/www.hanehaninsaat.com\/?page_id=11979\u2197\">\u00c7\u0131nar Villalar\u0131<\/a><\/h2>\t\t\t\t<\/div>\n\t\t\t\t<\/div>\n\t\t\t\t<\/div>\n\t\t<div class=\"elementor-element elementor-element-a3a9ed5 e-con-full e-flex e-con e-child\" data-id=\"a3a9ed5\" data-element_type=\"container\">\n\t\t\t\t<div class=\"elementor-element elementor-element-f424b98 elementor-widget elementor-widget-image\" data-id=\"f424b98\" data-element_type=\"widget\" data-widget_type=\"image.default\">\n\t\t\t\t<div class=\"elementor-widget-container\">\n\t\t\t\t\t\t\t\t\t\t\t\t\t\t\t\t<a href=\"http:\/\/www.hanehaninsaat.com\/?page_id=12005\u2197\">\n\t\t\t\t\t\t\t<img loading=\"lazy\" decoding=\"async\" width=\"660\" height=\"440\" src=\"https:\/\/www.hanehaninsaat.com\/wp-content\/uploads\/2025\/02\/cihanbeyli-1024x683.jpg\" class=\"attachment-large size-large wp-image-11890\" alt=\"\" srcset=\"https:\/\/www.hanehaninsaat.com\/wp-content\/uploads\/2025\/02\/cihanbeyli-1024x683.jpg 1024w, https:\/\/www.hanehaninsaat.com\/wp-content\/uploads\/2025\/02\/cihanbeyli-300x200.jpg 300w, https:\/\/www.hanehaninsaat.com\/wp-content\/uploads\/2025\/02\/cihanbeyli-768x512.jpg 768w, https:\/\/www.hanehaninsaat.com\/wp-content\/uploads\/2025\/02\/cihanbeyli-600x400.jpg 600w, https:\/\/www.hanehaninsaat.com\/wp-content\/uploads\/2025\/02\/cihanbeyli.jpg 1200w\" sizes=\"(max-width: 660px) 100vw, 660px\" \/>\t\t\t\t\t\t\t\t<\/a>\n\t\t\t\t\t\t\t\t\t\t\t\t\t\t\t<\/div>\n\t\t\t\t<\/div>\n\t\t\t\t<div class=\"elementor-element elementor-element-2158468 elementor-widget elementor-widget-heading\" data-id=\"2158468\" data-element_type=\"widget\" data-widget_type=\"heading.default\">\n\t\t\t\t<div class=\"elementor-widget-container\">\n\t\t\t\t\t<h2 class=\"elementor-heading-title elementor-size-default\"><a href=\"http:\/\/www.hanehaninsaat.com\/?page_id=12005\u2197\">Cihanbeyli \u0130\u00e7 Mimari Dekorasyon<\/a><\/h2>\t\t\t\t<\/div>\n\t\t\t\t<\/div>\n\t\t\t\t<\/div>\n\t\t<div class=\"elementor-element elementor-element-fbe599f e-con-full e-flex e-con e-child\" data-id=\"fbe599f\" data-element_type=\"container\">\n\t\t\t\t<\/div>\n\t\t<div class=\"elementor-element elementor-element-43fc2e3 e-con-full e-flex e-con e-child\" data-id=\"43fc2e3\" data-element_type=\"container\">\n\t\t\t\t<\/div>\n\t\t<div class=\"elementor-element elementor-element-1ce6d54 e-con-full e-flex e-con e-child\" data-id=\"1ce6d54\" data-element_type=\"container\">\n\t\t\t\t<\/div>\n\t\t\t\t\t<\/div>\n\t\t\t\t<\/div>\n\t\t\t\t<\/div>\n\t\t","protected":false},"excerpt":{"rendered":"<p>Teksan Gold Hisar Sitesi Teksan 2 Petrol Ofisi Javanez Merve Akt\u00fcrk Organizasyon Harun Ayd\u0131n Villa \u00c7\u0131nar Villalar\u0131 Cihanbeyli \u0130\u00e7 Mimari Dekorasyon<\/p>\n","protected":false},"author":1,"featured_media":0,"parent":0,"menu_order":0,"comment_status":"closed","ping_status":"closed","template":"elementor_header_footer","meta":{"om_disable_all_campaigns":false,"_monsterinsights_skip_tracking":false,"_monsterinsights_sitenote_active":false,"_monsterinsights_sitenote_note":"","_monsterinsights_sitenote_category":0,"footnotes":""},"class_list":["post-11870","page","type-page","status-publish","hentry"],"aioseo_notices":[],"_links":{"self":[{"href":"https:\/\/www.hanehaninsaat.com\/index.php?rest_route=\/wp\/v2\/pages\/11870","targetHints":{"allow":["GET"]}}],"collection":[{"href":"https:\/\/www.hanehaninsaat.com\/index.php?rest_route=\/wp\/v2\/pages"}],"about":[{"href":"https:\/\/www.hanehaninsaat.com\/index.php?rest_route=\/wp\/v2\/types\/page"}],"author":[{"embeddable":true,"href":"https:\/\/www.hanehaninsaat.com\/index.php?rest_route=\/wp\/v2\/users\/1"}],"replies":[{"embeddable":true,"href":"https:\/\/www.hanehaninsaat.com\/index.php?rest_route=%2Fwp%2Fv2%2Fcomments&post=11870"}],"version-history":[{"count":49,"href":"https:\/\/www.hanehaninsaat.com\/index.php?rest_route=\/wp\/v2\/pages\/11870\/revisions"}],"predecessor-version":[{"id":12273,"href":"https:\/\/www.hanehaninsaat.com\/index.php?rest_route=\/wp\/v2\/pages\/11870\/revisions\/12273"}],"wp:attachment":[{"href":"https:\/\/www.hanehaninsaat.com\/index.php?rest_route=%2Fwp%2Fv2%2Fmedia&parent=11870"}],"curies":[{"name":"wp","href":"https:\/\/api.w.org\/{rel}","templated":true}]}}